 Determine j(-2).
-2
Let v(q) be the second derivative of q**5/20 + q**4/12 + q**2/2 - 14*q + 3. Let w(j) = 9*j**3 - 4*j**2 + j - 4. Let o(h) = -4*v(h) - w(h). Give o(-1).
14
Let g(d) = 56 - 11*d + 3*d - 126 + 69. What is g(-5)?
39
Let j(o) = 3*o + 12. Let g = -8434 - -8442. Calculate j(g).
36
Let j(x) be the second derivative of x - 1/3*x**3 + 0 + 2*x**2 - 1/12*x**4. Suppose 0 = 17*u - 30*u - 39. What is j(u)?
1
Let o(k) = -9*k**2 + 3*k - 16. Let w(b) = -2*b**2 + b - 1. Let g(t) = o(t) - 5*w(t). Calculate g(4).
-3
Let o(a) = 2*a**2 - a - 2. Let u(g) = -6*g**2 + 2*g + 3. Let l(z) = -7*o(z) - u(z). What is l(-2)?
-31
Let a(i) be the second derivative of -i**5/20 + 5*i**4/12 - i**3/3 + 2*i**2 - 2*i. Suppose -9*q - 17 = -c - 7*q, 22 = 2*c - 2*q. Determine a(c).
-6
Let p(a) be the second derivative of -2*a**4/3 + a**3/3 - 7*a**2 - 21*a + 6. Let m(b) = 19*b**2 - 4*b + 28. Let s(t) = -3*m(t) - 7*p(t). Calculate s(-5).
-1
Let n(w) = 4*w**2 - 34*w - 27. Let p(r) = 4*r**2 - 33*r - 25. Let i(x) = -10*n(x) + 11*p(x). Give i(6).
1
Let g be (-396)/48 + (-3)/(-12). Let n(p) = 0*p**2 + 6*p + 11*p**2 + p**3 - 5*p**2 + 3*p**2 + 1. Give n(g).
17
Suppose -z = -0*z + 3*l + 18, 15 = -3*l. Let t(d) = d**3 - 2*d**2 + 2*d + 6. Let f(x) = x**3 - 3*x**2 + 3*x + 7. Let s(o) = -3*f(o) + 4*t(o). What is s(z)?
-12
Let a be -4*4/12 - (-4)/3. Suppose a = 3*s - 4*f - 3, 8*s = 10*s - 2*f - 2. Let w(n) = -6*n. What is w(s)?
-6
Let c(g) = -2*g + 494*g**3 + 498*g**3 - 1494*g**3 + 500*g**3. What is c(2)?
-20
Let f(v) = -v + 2*v + 13 + 15 - 30. Let g = -13 + 30. Suppose g = 2*i + 5. Determine f(i).
4
Let y(z) = 57*z + 804. Let d be y(-14). Let t(h) = -h**2 + 6*h - 4. What is t(d)?
-4
Let a = 38860 + -38867. Let x(b) be the third derivative of -b**6/120 - b**5/10 + b**4/6 - 5*b**3/2 + 2*b**2. What is x(a)?
6
Suppose 65*k + 24 = 219. Let i(b) = 3*b**3 - 4*b**2 - b + 5. What is i(k)?
47
Suppose -2*p = 3*c - 9, 3*p + 9 = -5*c + 25. Let q be c/(315/(-18)) + (-24)/14. Let h(s) = -s**2 - s + 2. Calculate h(q).
0
Let h(m) = -m**2 - 2*m - 1. Let f be h(-1). Let c(s) = -1078*s**2 - s + 7. Let d(w) = -11427*w**2 - 11*w + 73. Let g(i) = 53*c(i) - 5*d(i). Calculate g(f).
6
Let g = -46 - -47. Let w(f) = 2*f**3 - 6*f**2 - f + 1. Let o(n) = 2*n**3 - 7*n**2 - n + 1. Let i(a) = 6*o(a) - 7*w(a). Give i(g).
-2
Let y(k) be the first derivative of -k**4/4 + 8*k**3/3 - k**2 + 2*k - 576. Give y(7).
37
Let a(i) = -31450*i + 31423*i - 4 - 350. What is a(-13)?
-3
Let z(i) = i**3 - 10*i**2 - 9*i - 18. Suppose 2817 - 999 = -3*w. Let h = w + 617. Determine z(h).
4
Suppose t = o - 13, o = -85*t + 80*t - 11. Let z(s) = s**2 - 7*s - 22. Give z(o).
-4
Let z be (-2)/3 - (-8)/3. Let y(c) = -c**z + 8 + 12*c - 10*c + 2*c. What is y(6)?
-4
Let w be 46/12 + (-6)/(-36). Suppose -d + v + w = -4, d + 4*v = -2. Let f(r) be the first derivative of r**3/3 - 7*r**2/2 + 4*r + 36. Calculate f(d).
-2
Let z be (36/66)/((-3)/(-33)*2). Let c be -1 - z - -3 - (-12 + 7). Let u(q) = -q + 1. Calculate u(c).
-3
Let y(p) = 19531*p**3 + 19536*p**3 + 19533*p**3 + p**2 + 7*p + 6 - 58607*p**3. Determine y(-2).
52
Let q(s) be the first derivative of -3*s**2/2 - 39*s - 1312. Calculate q(-8).
-15
Let d = 58 - 51. Let b(i) = -12*i**3 - 54*i**2 + 23*i + 113. Let g(q) = q**3 + 5*q**2 - 2*q - 10. Let o(j) = 2*b(j) + 23*g(j). Determine o(d).
-4
Let k = 9663 - 9659. Let y(q) = 2*q + 15. Let z(v) = -v - 7. Let b(m) = 4*y(m) + 9*z(m). Calculate b(k).
-7
Let u = -8 - -6. Let m(s) = -19*s**2 - 15*s + 2. Let v(g) = -44*g**2 - 34*g + 5. Let q(n) = -7*m(n) + 3*v(n). What is q(u)?
-1
Let m(i) be the second derivative of -5/12*i**4 + 262 - 1/20*i**5 + 1/2*i**3 + i**2 - i. Suppose -3*w - x - 10 = 0, 3*w - 35 = 7*w - 3*x. Give m(w).
-13
Let x(m) be the first derivative of m**4/4 + m**3/3 - m**2/2 + 4*m + 3518. Give x(-4).
-40
Let x(l) = -l**2 + 6*l + 2. Suppose 0*g + 28 = -2*g. Let c = g + 18. Let h be 1/c + (-171)/(-36). What is x(h)?
7
Let o(g) = -126*g + 10. Let m(n) = -85*n + 7. Let b(w) = -7*m(w) + 5*o(w). What is b(-1)?
36
Let z(y) be the first derivative of -1/2*y**2 + 12*y - 132. Calculate z(10).
2
Let w(x) = x**3 - 24*x**2 - 26*x + 25. Let l be w(25). Suppose l = 12*i - 17*i + 15. Let u(g) = -g**3 + 2*g**2 - 4*g + 1. Give u(i).
-20
Let a(b) = 3*b + 6. Let h(r) = -6*r + 203. Let p be h(37). What is a(p)?
-51
Suppose -1725 = -12*j - 5253. Let y = -291 - j. Let u(a) = -14*a + 1. Calculate u(y).
-41
Suppose 456*x + 15 = 923*x - 462*x. Let b(i) = 3*i**2 - i - 10. Give b(x).
14
Suppose s - 5*r - 23 = 4*s, 3*r + 15 = -3*s. Let l(t) = -8*t. Let d(z) be the first derivative of -z**2/2 + 15. Let p(u) = 30*d(u) - 3*l(u). What is p(s)?
6
Let j = -25444 + 25489. Let s(t) be the first derivative of -t - 7/2*t**2 + j. Determine s(-2).
13
Let p(s) = -1. Let h(b) = 9*b - 9. Let t(g) = h(g) - 4*p(g). Suppose 4*u = -a + 281 - 280, 4*u - 21 = -5*a. Give t(a).
40
Let g(s) = 6*s**2 - 4*s + 8. Let j(u) be the first derivative of u**3/3 - u**2/2 - u + 66. Let k(l) = -g(l) + 5*j(l). Calculate k(0).
-13
Let w(k) = -k**2 + 4*k - 4. Let h = -265 + 179. Let y = h - -94. Let g be (-82)/(-26) - y/52. What is w(g)?
-1
Let u(p) = -p**3 - 945739*p**2 - 17 + 5*p - 18*p + 945728*p**2. What is u(-10)?
13
Suppose -m + 0*m - 3 = 0. Let s(u) = -u**3 - u**2 + u + 5. Let c be s(m). Let y(x) = -c + 2*x - x + 15. Determine y(0).
-5
Let c(m) = 3*m**2 - 2*m - 3. Let u(j) = -j**2 - j - 1. Let o(q) = c(q) + 4*u(q). Suppose 5 + 40 = 5*d. Suppose 3*r + 6 = -d. Determine o(r).
-2
Let s(z) = 1. Let t(x) = x - 19. Let m(p) = 5*s(p) + t(p). Suppose -h + 198 = 5*h. Suppose -9*i = -33 + h. Determine m(i).
-14
Suppose -10*r + 759 - 819 = 0. Let d(k) be the third derivative of -k**4/12 - 7*k**3/6 - k**2 - 2. Determine d(r).
5
Let y(x) = 9*x**2 - 6*x**2 - 31*x - 5*x**2 - x**3 + 18*x + 19*x. Give y(4).
-72
Let s(h) = 5573*h + 5567*h + 1 + 5561*h - 16714*h. Determine s(9).
-116
Let c(k) = -k**2 + 8*k - 6. Let w(a) = -a**3 + 13*a**2 + a + 19. Suppose -4*v = 4*h - 60, h = 5*v - h - 61. Let g be w(v). Let q = 38 - g. Determine c(q).
6
Let w = -667 + 676. Let a(c) = c**3 - 9*c**2 - 11. Determine a(w).
-11
Let f(d) be the first derivative of -d**6/360 + d**5/120 + d**4/24 + d**3/3 - 27*d - 174. Let n(p) be the third derivative of f(p). Calculate n(2).
-1
Let w(m) = m**2 - 4*m + 5. Let r be w(5). Suppose 6*q = r*q + 20. Let t(d) = -d**3 + 5*d - 3 + 4 + 1 - 4*d**2 + 4. Give t(q).
6
Suppose 9 = -4*w + y, 21*w - 22*w = 4*y - 19. Let b(h) = -h**2 + h - 1. Let x(i) = i**2 + 3*i - 4. Let t(s) = -3*b(s) + x(s). Calculate t(w).
3
Suppose -25*d - 403 + 78 = 0. Let x(v) = -v**3 - 11*v**2 + 20*v + 31. What is x(d)?
109
Let b(k) = k**3 - 5*k**2 - 18*k + 14. Suppose 36*l = 60*l - 169 + 1. What is b(l)?
-14
Let w = 214 + -181. Let c(s) = 32*s + 5 - 2 + 3 - w*s. Give c(5).
1
Let w(i) be the first derivative of -i**7/840 + 11*i**6/360 - i**4/8 - 56*i**3/3 + 76. Let s(b) be the third derivative of w(b). Determine s(11).
-3
Let k(y) be the first derivative of 2*y**2 - 24*y - 4887. Determine k(3).
-12
Suppose 0 = -4*i - 2*a + 38, -i - 4*a + 9*a = -26. Let z(b) = 8*b + 12. Let s(r) = -3*r - r + 6 + 10*r - 2*r. Let g(n) = i*s(n) - 6*z(n). Give g(-4).
10
Let g(f) = 11*f + 14 - 1 - 7 + 2*f + 40*f. Give g(1).
59
Suppose 3*w - 11 - 10 = -5*v, -5*v - 2*w = -14. Let j(r) = -2*r**2 - r + 5. What is j(v)?
5
Let k(g) = g**2 + 21*g + 36. Let j be (-30)/45*(-2 + 61/2). Calculate k(j).
-2
Let q(f) be the third derivative of -6*f**3 + 4*f**2 + 1/60*f**5 + 0*f + 0*f**4 - 2. Calculate q(0).
-36
Let m(y) = 13*y - 5. Let p be (-10 + 196/14)*((-28)/16 - -2). Give m(p).
8
Let h(m) be the first derivative of m**4/4 + 13*m**3/3 + 21*m**2/2 - 19*m - 2256. Determine h(-11).
-8
Suppose -d - 3 + 6 = 0. Suppose 220*k - 48 = 204*k. Suppose k + d = m. Let o(t) = -t**3 + 7*t**2 - 5*t - 7. Calculate o(m).
-1
Suppose 132 = 2*f + 126. Let r(p) be the first derivative of -p**3/3 + 2*p**2 - 4*p - 60. Calculate r(f).
-1
Let u(n) = -2*n**2 - 3*n - 1. Let t(g) = -23*g**2 - 16*g - 13. Let c(i) = -t(i) + 11*u(i). Calculate c(4).
-50
Suppose c - 2*p - 458 = 6*c, -5*c - 3*p - 462 = 0. Let t = 97 + c. Let k(w) be the first derivative of w**4/4 - 2*w**3 - 3*w**2 - 9*w + 2. What is k(t)?
-2
Let o(t) be the second derivative of -5*t**3/6 - 73*t**2/2 - 5172*t. Determine o(0).
-73
